{"id":988,"date":"2024-07-18T15:53:18","date_gmt":"2024-07-18T13:53:18","guid":{"rendered":"https:\/\/flaminia-paul.wedding\/?page_id=988"},"modified":"2025-04-07T17:06:45","modified_gmt":"2025-04-07T15:06:45","slug":"home-after-wedding","status":"publish","type":"page","link":"https:\/\/wedding.edouard-gyss.com\/","title":{"rendered":"Home-after-wedding"},"content":{"rendered":"<!-- wp:themify-builder\/canvas \/-->","protected":false},"excerpt":{"rendered":"","protected":false},"author":1,"featured_media":0,"parent":0,"menu_order":0,"comment_status":"closed","ping_status":"closed","template":"","meta":{"footnotes":""},"class_list":["post-988","page","type-page","status-publish","hentry","has-post-title","has-post-date","has-post-category","has-post-tag","has-post-comment","has-post-author",""],"builder_content":"<img src=\"https:\/\/wedding.edouard-gyss.com\/wp-content\/uploads\/sites\/11\/2024\/04\/rosone_BG.png\" title=\"rosone_BG\" alt=\"rosone_BG\" srcset=\"https:\/\/wedding.edouard-gyss.com\/wp-content\/uploads\/sites\/11\/2024\/04\/rosone_BG.png 512w, https:\/\/wedding.edouard-gyss.com\/wp-content\/uploads\/sites\/11\/2024\/04\/rosone_BG-300x298.png 300w, https:\/\/wedding.edouard-gyss.com\/wp-content\/uploads\/sites\/11\/2024\/04\/rosone_BG-150x150.png 150w\" sizes=\"(max-width: 512px) 100vw, 512px\" \/>\n<p>Le plus beau cadeau pour ce jour, c'est votre pr\u00e9sence \ud83d\udc95\u00a0<br>N\u00e9anmoins, si vous sentiez l'envie irr\u00e9pressible de participer encore un peu plus \u00e0 notre bonheur futur, cette liste devrait vous inspirer.<\/p>\n<head> <link rel=\"preconnect\" href=\"https:\/\/fonts.googleapis.com\"> <link rel=\"preconnect\" href=\"https:\/\/fonts.gstatic.com\" crossorigin> <link href=\"https:\/\/fonts.googleapis.com\/css2?family=Truculenta:opsz,wght@12..72,100..900&display=swap\" rel=\"stylesheet\"> <\/head>\n<a href=\"https:\/\/www.milleetunelistes.fr\/liste\/mariage-flaminia-paul\">\n <img style=\"opacity:0.8;\" src=\"https:\/\/flaminia-paul.wedding\/wp-content\/uploads\/sites\/11\/2024\/04\/surprise.png\" width=\"42px\"> <h3 style=\"opacity:0.8;\"> Accedez \u00e0 la liste <\/h3>\n<\/a>\n<head> <link rel=\"preconnect\" href=\"https:\/\/fonts.googleapis.com\"> <link rel=\"preconnect\" href=\"https:\/\/fonts.gstatic.com\" crossorigin> <link href=\"https:\/\/fonts.googleapis.com\/css2?family=Truculenta:opsz,wght@12..72,100..900&display=swap\" rel=\"stylesheet\"> <\/head>\n <a href=\"https:\/\/nextcloud.edouard-gyss.com\/index.php\/s\/GPBpw2oQSPCCWnG\"> <img src=\"https:\/\/flaminia-paul.wedding\/wp-content\/uploads\/sites\/11\/2024\/07\/camera.png\"> <\/a> <h2>Partager vos photos et vid\u00e9os<\/h2> \n <img src=\"https:\/\/flaminia-paul.wedding\/wp-content\/uploads\/sites\/11\/2024\/04\/wedding-list.png\"> <h2>liste de mariage<\/h2>\n<head> <link rel=\"preconnect\" href=\"https:\/\/fonts.googleapis.com\"> <link rel=\"preconnect\" href=\"https:\/\/fonts.gstatic.com\" crossorigin> <link href=\"https:\/\/fonts.googleapis.com\/css2?family=Truculenta:opsz,wght@12..72,100..900&display=swap\" rel=\"stylesheet\"> <\/head>\n <h3>programme<\/h3> <img src=\"https:\/\/flaminia-paul.wedding\/wp-content\/uploads\/sites\/11\/2024\/04\/clock.png\" width=\"32px\">\n <h3>RSVP<\/h3> <img src=\"https:\/\/flaminia-paul.wedding\/wp-content\/uploads\/sites\/11\/2024\/04\/005-party.png\" width=\"32px\">\n <h3>itin\u00e9raire<\/h3> <img src=\"https:\/\/flaminia-paul.wedding\/wp-content\/uploads\/sites\/11\/2024\/04\/006-map.png\" width=\"32px\">\n <h3>liste<\/h3> <img src=\"https:\/\/flaminia-paul.wedding\/wp-content\/uploads\/sites\/11\/2024\/04\/wedding-list.png\" width=\"32px\">\n <h3>About us<\/h3> <img src=\"https:\/\/flaminia-paul.wedding\/wp-content\/uploads\/sites\/11\/2024\/04\/002-wedding.png\" width=\"32px\">\n <h3>contact<\/h3> <img src=\"https:\/\/flaminia-paul.wedding\/wp-content\/uploads\/sites\/11\/2024\/04\/telephone.png\" width=\"32px\">\n<img src=\"https:\/\/flaminia-paul.wedding\/wp-content\/uploads\/sites\/11\/2024\/04\/back.png\" >\n<p>C'\u00e9tait le 13 Juillet<\/p>","_links":{"self":[{"href":"https:\/\/wedding.edouard-gyss.com\/index.php?rest_route=\/wp\/v2\/pages\/988","targetHints":{"allow":["GET"]}}],"collection":[{"href":"https:\/\/wedding.edouard-gyss.com\/index.php?rest_route=\/wp\/v2\/pages"}],"about":[{"href":"https:\/\/wedding.edouard-gyss.com\/index.php?rest_route=\/wp\/v2\/types\/page"}],"author":[{"embeddable":true,"href":"https:\/\/wedding.edouard-gyss.com\/index.php?rest_route=\/wp\/v2\/users\/1"}],"replies":[{"embeddable":true,"href":"https:\/\/wedding.edouard-gyss.com\/index.php?rest_route=%2Fwp%2Fv2%2Fcomments&post=988"}],"version-history":[{"count":42,"href":"https:\/\/wedding.edouard-gyss.com\/index.php?rest_route=\/wp\/v2\/pages\/988\/revisions"}],"predecessor-version":[{"id":1035,"href":"https:\/\/wedding.edouard-gyss.com\/index.php?rest_route=\/wp\/v2\/pages\/988\/revisions\/1035"}],"wp:attachment":[{"href":"https:\/\/wedding.edouard-gyss.com\/index.php?rest_route=%2Fwp%2Fv2%2Fmedia&parent=988"}],"curies":[{"name":"wp","href":"https:\/\/api.w.org\/{rel}","templated":true}]}}